). Suppose s = -5*j + 5*k + 245, 4*j - 88 = 2*j - 3*k. Let v = -31 + j. What is the greatest common divisor of 8 and v?
8
Suppose 4*p = -5*j + 331, 0 = -3*j + 4*j + 5*p - 83. What is the highest common factor of 189 and j?
63
Suppose -m - 4*m = -4*a - 3, -3*a + 9 = 0. Suppose -m*n = -7*n - 20. Let g be (-9 + n)*(-2 - -1). Calculate the greatest common factor of g and 14.
14
Let k be 4*9/(-84) - (-80)/7. Suppose -7*x + k*x - 48 = 0. Calculate the highest common divisor of x and 16.
4
Let v be (-427)/(-25) + 78/(-975). Calculate the greatest common divisor of 544 and v.
17
Suppose 16*l - 9*l + 14 = 0. Let p be (l/6 - (-780)/18) + -1. Calculate the highest common factor of p and 28.
14
Let i = -22 - -37. What is the highest common divisor of 15 and i?
15
Let d = 19 + -14. Suppose 4*f - 2*c - c - 60 = 0, -d*f + 78 = -3*c. Let l = f - -12. Calculate the greatest common divisor of 6 and l.
6
Suppose -3*s + 2 = n - 69, -5*s - 2*n + 120 = 0. Suppose -5*l + 56 + 70 = 4*y, 70 = 3*l + y. Calculate the greatest common factor of s and l.
22
Let k(x) = 10*x**2 + 31*x + 32. Let h be k(-8). Calculate the highest common factor of 8 and h.
8
Let z be ((-4)/6)/((-140)/6930). Suppose 0*p + 495 = 3*p. What is the highest common divisor of z and p?
33
Let g(z) = 36*z - 234. Let y be g(29). What is the highest common divisor of y and 30?
30
Suppose 3*x - 31 = 5. Let d(o) = o**3 + 0*o**2 - 5*o - 4 + 7*o**2 + 2 - 7*o. Let y be d(-8). What is the greatest common divisor of x and y?
6
Let n be (-124)/93 - ((-133)/3 - 2). What is the highest common divisor of n and 1395?
45
Let z(l) = -l**3 + 10*l**2 - 9*l + 2. Let d be z(9). Let m(t) = 0*t - t + 4 + 9*t. Let s be m(d). What is the highest common factor of s and 160?
20
Let d be (0/(-2) - 0) + 10. Let w(p) = p**2 - 29*p + 270. Let b be w(19). What is the greatest common factor of d and b?
10
Let c be (-3)/6 + (-3)/(-6). Let y(g) = 11*g + c*g**2 + 10 - 22 - g**2. Let t be y(8). Calculate the highest common divisor of 12 and t.
12
Let t be (-2)/(-3) + 56/(-12). Let j = t + 6. Let l(o) = o - 2. Let r be l(5). What is the greatest common divisor of r and j?
1
Let v = 1 + 7. Let a = 60 + -49. Suppose a*l = 1007 - 215. What is the highest common factor of v and l?
8
Let m = 29 + -27. Suppose 5*l = 2*p - 0 + m, 0 = -4*p - l + 40. Suppose -w = -g - 29, -2*g = -2*w - 5*g + 48. What is the greatest common divisor of w and p?
9
Let o be (805/23)/(2/4). Calculate the highest common divisor of 245 and o.
35
Suppose -5*r = -4*h - 15, 0 = -2*r - 2*r + 2*h + 18. Suppose 0 = 2*k - 3*k + 14. Suppose c - k = -0*c. Calculate the highest common divisor of c and r.
7
Suppose -s + 96 - 70 = 0. Calculate the highest common factor of s and 2678.
26
Suppose -5*l - 5*i + 120 = 0, 0 = 3*i + 9. What is the highest common factor of 27 and l?
27
Let y = -281 - -351. What is the highest common divisor of y and 56?
14
Let b be (144/(-15))/((-18)/420). Let j = -112 + b. What is the greatest common divisor of j and 14?
14
Suppose -5*z + 9*z + 20 = -5*p, 4*p + 16 = -2*z. Suppose z = -5*y + 3*h + 17 + 65, -h + 52 = 3*y. What is the greatest common divisor of 136 and y?
17
Suppose -33 = -7*i + 6*i. Calculate the highest common factor of i and 209.
11
Suppose -b + 15 = -3*x - 55, 2*b + 2*x - 100 = 0. Let y = 65 + b. Let a = -162 + 177. Calculate the greatest common divisor of y and a.
15
Suppose -4*s - 3*k + 2 + 11 = 0, -2*k + 6 = 0. Calculate the highest common factor of 1 and s.
1
Let a(w) = -w**3 + 9*w**2 - 5*w + 3. Let z be a(7). Suppose -3*h + z = -0*h. Let q be (-1 - 2)/3 + 45. Calculate the highest common factor of q and h.
22
Suppose -335 = -h - 5*a + 149, 3*h + 5*a - 1472 = 0. Calculate the greatest common divisor of 19 and h.
19
Let v(r) = r**3 + 4*r**2 - r - 7. Let q be v(4). Let d = q - 77. What is the highest common factor of d and 8?
8
Let b = 78 - 66. Let c(j) = 5*j - 17. Let q(z) = 2*z - 6. Let o(g) = -3*c(g) + 8*q(g). Let x be o(b). Calculate the greatest common divisor of 120 and x.
15
Suppose 131 + 9 = 2*a. Calculate the highest common factor of a and 290.
10
Let j(m) = 14*m**2 - 1. Let n be (-4)/10*(-55)/22. Let f be j(n). Let l = -4 + f. Calculate the greatest common factor of l and 9.
9
Suppose 2*q + 2*g - 192 = 28, 5*q = g + 574. What is the greatest common divisor of q and 42?
6
Let d = -55 + 682. Let g be d/12 - (-3)/4. Suppose 13 = -k + g. Calculate the greatest common factor of 5 and k.
5
Let j(r) = -r**3 + 6*r**2 + 24*r - 16. Let w = -116 + 124. Let m be j(w). Calculate the highest common factor of m and 64.
16
Suppose -2*h - 17 = 3. Let q be 6/h + 12/20. Suppose q*y - 55 = -5*y. Calculate the highest common divisor of y and 121.
11
Suppose 6075 = 344*s - 335*s. What is the highest common divisor of s and 81?
27
Let z(k) = 2*k**3 - 2*k**2 + k. Let r be z(1). Let t = -437 + 448. Calculate the highest common factor of r and t.
1
Let p(i) = i**3 + 13*i**2 + 4*i - 2. Let y be p(-13). Let x = y - -86. Let w = 28 + -24. Calculate the highest common divisor of x and w.
4
Let p = -37 - -37. Suppose -r + 3*g - 1 = p, 5*r - 2*r - 8 = -2*g. Let b be (-4)/(2*-1) - -6. Calculate the greatest common factor of r and b.
2
Suppose 22 = 6*i - 92. Calculate the greatest common factor of i and 3173.
19
Suppose 4*z + 2*i + 138 = 0, -3*z = 2*i + 127 - 26. Let n = 48 + z. Calculate the highest common factor of 209 and n.
11
Suppose f = -10 - 10. Let x(u) = -u**2 - 23*u - 12. Let k be x(f). What is the highest common divisor of 48 and k?
48
Let f(m) = -17*m + 3. Let g be f(-1). Let k = g + -3. Suppose 3*q - 88 = k. Calculate the highest common divisor of 7 and q.
7
Let t(m) = 2*m + 18. Let h be t(8). Let a = h - 19. What is the highest common divisor of 3 and a?
3
Let l = -26 - -12. Let k be (1 - 11)/((-6)/(-15)). Let u = l - k. Calculate the highest common factor of 99 and u.
11
Suppose -2*k + 18 = -2*q, -k + 5*q = -2*k - 15. Suppose 0 = k*i - 283 - 117. Let o = -54 + i. Calculate the greatest common divisor of 39 and o.
13
Let t = 30 - -40. Calculate the greatest common divisor of t and 15.
5
Let z(p) = -p**3 - 8*p**2 + 7*p - 11. Let g be z(-9). Suppose c = g + 9. Suppose -o + 0*o = -c. What is the highest common factor of o and 128?
16
Suppose l + 561 = -10*l. Let q = l + 204. Calculate the greatest common divisor of 17 and q.
17
Let a be 12/(-5*(-8)/60). Let b(u) = u**2 - 19*u + 22. Let v be b(a). Suppose 4 + v = 2*j. What is the highest common divisor of 44 and j?
4
Let a(z) = z**2 + 17*z - 15. Let b = -46 + 28. Let g be a(b). What is the highest common factor of g and 6?
3
Let j = 799 + -778. Calculate the greatest common divisor of 189 and j.
21
Suppose -5*q + 1101 = -19. What is the greatest common divisor of 28 and q?
28
Let w(s) = -9*s**3 + 1. Let o be w(-1). Let d = -1324 + 1339. Calculate the greatest common divisor of o and d.
5
Let h = 219 + -39. What is the greatest common factor of 9 and h?
9
Suppose -b + 30 = 2*b. Let w be 1/(-5) + 510/50. Calculate the greatest common divisor of b and w.
10
Let q = 39 + -23. Let g(a) = -a**3 - 13*a**2 + 138*a - 38. Let b be g(-20). Calculate the highest common factor of b and q.
2
Let z be 170/765 - (-1616)/18. Calculate the highest common divisor of z and 72.
18
Suppose -2*g = -67 + 11. Suppose -7*b - 44 = -18*b. What is the highest common factor of g and b?
4
Let i be 0/(3/(0 - -3)). Suppose 10*s - 3*s - 14 = i. Suppose -2*o + 5*o = 3*d - 9, 3 = 2*d + o. Calculate the highest common factor of s and d.
2
Let g be (-12)/15 - 895/(-25). Let b = -33 + g. What is the greatest common divisor of b and 10?
2
Let n be (12/(-9))/4 - 121/(-3). Calculate the highest common divisor of 280 and n.
40
Let b be 88*(3/(-3))/(-1). Let k = -4 - 7. Let c = k - -19. Calculate the highest common divisor of b and c.
8
Let w(z) = -z**3 - 3*z**2 + 8*z + 10. Let c be w(-5). Let x = -21 + 101. What is the highest common divisor of x and c?
20
Let l be (-1)/((-10 - -8)*(-1)/(-146)). Let r = -34 + l. What is the highest common divisor of 65 and r?
13
Let a = -406 + 426. What is the highest common divisor of a and 20?
20
Let c be (36/10*7)/(3/15). Calculate the greatest common divisor of 45 and c.
9
Let m(a) be the first derivative of 28*a**2 - a - 6. Let z be m(1). Calculate the highest common divisor of 22 and z.
11
Suppose 3